{"id":21,"date":"2019-02-15T04:57:10","date_gmt":"2019-02-15T04:57:10","guid":{"rendered":"http:\/\/keyvan.com.tr\/?page_id=21"},"modified":"2020-05-15T03:21:23","modified_gmt":"2020-05-15T03:21:23","slug":"hakkimizda","status":"publish","type":"page","link":"https:\/\/keyvan.com.tr\/?page_id=21","title":{"rendered":"Hakk\u0131m\u0131zda"},"content":{"rendered":"\t\t<div data-elementor-type=\"wp-post\" data-elementor-id=\"21\" class=\"elementor elementor-21\" data-elementor-post-type=\"page\">\n\t\t\t\t\t\t<section class=\"elementor-section elementor-top-section elementor-element elementor-element-e8fd6fa elementor-section-boxed elementor-section-height-default elementor-section-height-default\" data-id=\"e8fd6fa\" data-element_type=\"section\" data-e-type=\"section\">\n\t\t\t\t\t\t<div class=\"elementor-container elementor-column-gap-default\">\n\t\t\t\t\t<div class=\"elementor-column elementor-col-100 elementor-top-column elementor-element elementor-element-83483d9\" data-id=\"83483d9\" data-element_type=\"column\" data-e-type=\"column\">\n\t\t\t<div class=\"elementor-widget-wrap elementor-element-populated\">\n\t\t\t\t\t\t<section class=\"elementor-section elementor-inner-section elementor-element elementor-element-786cb32 elementor-section-boxed elementor-section-height-default elementor-section-height-default\" data-id=\"786cb32\" data-element_type=\"section\" data-e-type=\"section\">\n\t\t\t\t\t\t<div class=\"elementor-container elementor-column-gap-default\">\n\t\t\t\t\t<div class=\"elementor-column elementor-col-50 elementor-inner-column elementor-element elementor-element-782b7a3 elementor-hidden-phone\" data-id=\"782b7a3\" data-element_type=\"column\" data-e-type=\"column\">\n\t\t\t<div class=\"elementor-widget-wrap elementor-element-populated\">\n\t\t\t\t\t\t<div class=\"elementor-element elementor-element-3278135 animated-slow elementor-invisible elementor-widget elementor-widget-image\" data-id=\"3278135\" data-element_type=\"widget\" data-e-type=\"widget\" data-settings=\"{&quot;_animation&quot;:&quot;fadeInLeft&quot;,&quot;_animation_delay&quot;:50}\" data-widget_type=\"image.default\">\n\t\t\t\t<div class=\"elementor-widget-container\">\n\t\t\t\t\t\t\t\t\t\t\t\t\t\t\t<img decoding=\"async\" width=\"300\" height=\"160\" src=\"https:\/\/keyvan.com.tr\/wp-content\/uploads\/2020\/04\/Keyvan-Acrux-AVM-1-300x160.jpg\" class=\"attachment-medium size-medium wp-image-105\" alt=\"\" srcset=\"https:\/\/keyvan.com.tr\/wp-content\/uploads\/2020\/04\/Keyvan-Acrux-AVM-1-300x160.jpg 300w, https:\/\/keyvan.com.tr\/wp-content\/uploads\/2020\/04\/Keyvan-Acrux-AVM-1-1024x547.jpg 1024w, https:\/\/keyvan.com.tr\/wp-content\/uploads\/2020\/04\/Keyvan-Acrux-AVM-1-768x410.jpg 768w, https:\/\/keyvan.com.tr\/wp-content\/uploads\/2020\/04\/Keyvan-Acrux-AVM-1-1536x820.jpg 1536w, https:\/\/keyvan.com.tr\/wp-content\/uploads\/2020\/04\/Keyvan-Acrux-AVM-1-2048x1094.jpg 2048w\" sizes=\"(max-width: 300px) 100vw, 300px\" \/>\t\t\t\t\t\t\t\t\t\t\t\t\t\t\t<\/div>\n\t\t\t\t<\/div>\n\t\t\t\t<div class=\"elementor-element elementor-element-91bca5e animated-slow elementor-invisible elementor-widget elementor-widget-image\" data-id=\"91bca5e\" data-element_type=\"widget\" data-e-type=\"widget\" data-settings=\"{&quot;_animation&quot;:&quot;fadeInLeft&quot;,&quot;_animation_delay&quot;:450}\" data-widget_type=\"image.default\">\n\t\t\t\t<div class=\"elementor-widget-container\">\n\t\t\t\t\t\t\t\t\t\t\t\t\t\t\t<img fetchpriority=\"high\" decoding=\"async\" width=\"300\" height=\"196\" src=\"https:\/\/keyvan.com.tr\/wp-content\/uploads\/2020\/03\/Elit-Evler-Konut-Projesi-Keyvan-300x196.jpg\" class=\"attachment-medium size-medium wp-image-57\" alt=\"\" srcset=\"https:\/\/keyvan.com.tr\/wp-content\/uploads\/2020\/03\/Elit-Evler-Konut-Projesi-Keyvan-300x196.jpg 300w, https:\/\/keyvan.com.tr\/wp-content\/uploads\/2020\/03\/Elit-Evler-Konut-Projesi-Keyvan-1024x667.jpg 1024w, https:\/\/keyvan.com.tr\/wp-content\/uploads\/2020\/03\/Elit-Evler-Konut-Projesi-Keyvan-768x500.jpg 768w, https:\/\/keyvan.com.tr\/wp-content\/uploads\/2020\/03\/Elit-Evler-Konut-Projesi-Keyvan.jpg 1200w\" sizes=\"(max-width: 300px) 100vw, 300px\" \/>\t\t\t\t\t\t\t\t\t\t\t\t\t\t\t<\/div>\n\t\t\t\t<\/div>\n\t\t\t\t<div class=\"elementor-element elementor-element-04d40fb animated-slow elementor-invisible elementor-widget elementor-widget-image\" data-id=\"04d40fb\" data-element_type=\"widget\" data-e-type=\"widget\" data-settings=\"{&quot;_animation&quot;:&quot;fadeInLeft&quot;,&quot;_animation_delay&quot;:650}\" data-widget_type=\"image.default\">\n\t\t\t\t<div class=\"elementor-widget-container\">\n\t\t\t\t\t\t\t\t\t\t\t\t\t\t\t<img decoding=\"async\" width=\"300\" height=\"225\" src=\"https:\/\/keyvan.com.tr\/wp-content\/uploads\/2020\/03\/TRIA-Konut-Projesi-Keyvan-300x225.jpg\" class=\"attachment-medium size-medium wp-image-52\" alt=\"\" srcset=\"https:\/\/keyvan.com.tr\/wp-content\/uploads\/2020\/03\/TRIA-Konut-Projesi-Keyvan-300x225.jpg 300w, https:\/\/keyvan.com.tr\/wp-content\/uploads\/2020\/03\/TRIA-Konut-Projesi-Keyvan-1024x768.jpg 1024w, https:\/\/keyvan.com.tr\/wp-content\/uploads\/2020\/03\/TRIA-Konut-Projesi-Keyvan-768x576.jpg 768w, https:\/\/keyvan.com.tr\/wp-content\/uploads\/2020\/03\/TRIA-Konut-Projesi-Keyvan.jpg 1200w\" sizes=\"(max-width: 300px) 100vw, 300px\" \/>\t\t\t\t\t\t\t\t\t\t\t\t\t\t\t<\/div>\n\t\t\t\t<\/div>\n\t\t\t\t\t<\/div>\n\t\t<\/div>\n\t\t\t\t<div class=\"elementor-column elementor-col-50 elementor-inner-column elementor-element elementor-element-1f368a9\" data-id=\"1f368a9\" data-element_type=\"column\" data-e-type=\"column\">\n\t\t\t<div class=\"elementor-widget-wrap elementor-element-populated\">\n\t\t\t\t\t\t<div class=\"elementor-element elementor-element-55a78c8 elementor-drop-cap-yes elementor-drop-cap-view-default elementor-widget elementor-widget-text-editor\" data-id=\"55a78c8\" data-element_type=\"widget\" data-e-type=\"widget\" data-settings=\"{&quot;drop_cap&quot;:&quot;yes&quot;}\" data-widget_type=\"text-editor.default\">\n\t\t\t\t<div class=\"elementor-widget-container\">\n\t\t\t\t\t\t\t\t\t<p>Keyvan \u0130n\u015faat 1950\u2019li y\u0131llardan \u00f6ncesine dayanan i\u015f tecr\u00fcbesini, 1994 y\u0131l\u0131nda Keyvan \u0130n\u015faat San. ve Tic. A. \u015e. \u00e7at\u0131s\u0131 alt\u0131nda daha kaliteli ve g\u00f6rkemli projelere imza atabilmek i\u00e7in toplam\u0131\u015ft\u0131r.<\/p>\t\t\t\t\t\t\t\t<\/div>\n\t\t\t\t<\/div>\n\t\t\t\t<div class=\"elementor-element elementor-element-8597e7d elementor-widget elementor-widget-text-editor\" data-id=\"8597e7d\" data-element_type=\"widget\" data-e-type=\"widget\" data-widget_type=\"text-editor.default\">\n\t\t\t\t<div class=\"elementor-widget-container\">\n\t\t\t\t\t\t\t\t\t<p>\u00a0<\/p><p>Ayn\u0131 zamanda T\u0130MSE (T\u00fcrkiye \u0130n\u015faat M\u00fcteahhitleri \u0130\u015fveren Sendikas\u0131) \u00fcyesi olan firmam\u0131z\u0131n teknik kadrosunun \u00e7at\u0131s\u0131n\u0131, her biri mesleklerinde deneyimli, uzmanla\u015fm\u0131\u015f mimar, m\u00fchendis ve teknikerler olu\u015fturmaktad\u0131r. \u0130\u015flerin yap\u0131m\u0131nda \u00e7a\u011fda\u015f y\u00f6netim anlay\u0131\u015f\u0131, teknik kadronun bilimsel y\u00f6ntemlerle \u00e7al\u0131\u015fmas\u0131 ve yeterli makine park\u0131, i\u015flerin zaman\u0131nda, ekonomik ve g\u00fcvenli bi\u00e7imde sonu\u00e7lanmas\u0131n\u0131 sa\u011flamaktad\u0131r. Sekt\u00f6r\u00fcnde h\u0131zla b\u00fcy\u00fcmekte olan firmam\u0131z, gerek alt yap\u0131s\u0131 gerekse yapt\u0131\u011f\u0131 i\u015fler a\u00e7\u0131s\u0131ndan g\u00fcvenilir ve tercih edilir bir isim olmu\u015ftur.<\/p><p>Firmam\u0131z, ana faaliyet konusu olan alt yap\u0131-\u00e7evre d\u00fczenleme, bina yap\u0131m-onar\u0131m i\u015flerinde kurulu\u015fundan bu yana kamu ve \u00f6zel sekt\u00f6rde bir\u00e7ok projeyi istenilen teknik ve estetik ko\u015fullara uygun olarak, eksiksiz ve s\u00fcresinde tamamlay\u0131p teslim etmi\u015ftir.<\/p><p>T\u00fcm projelerimizde sa\u011flaml\u0131k, g\u00fcvenlik ve estetikten \u00f6d\u00fcn verilmemi\u015ftir. Yap\u0131m a\u015famas\u0131nda kulland\u0131\u011f\u0131m\u0131z malzemeler TSE ve \u0130SO onayl\u0131, piyasada en \u00e7ok tercih edilen ve kalitesi belgelenmi\u015f \u00fcr\u00fcnlerden olu\u015fmaktad\u0131r. Bu anlay\u0131\u015f ve \u00f6zg\u00fcven i\u00e7inde faaliyetlerine devam eden kurulu\u015fumuz, b\u00fcy\u00fcyen ve g\u00fc\u00e7lenen yap\u0131s\u0131n\u0131 T\u00fcrkiye\u2019nin gelece\u011fine duydu\u011fu g\u00fcvenle birle\u015ftirerek in\u015faat sekt\u00f6r\u00fcnde yerini alm\u0131\u015ft\u0131r.<\/p>\t\t\t\t\t\t\t\t<\/div>\n\t\t\t\t<\/div>\n\t\t\t\t\t<\/div>\n\t\t<\/div>\n\t\t\t\t\t<\/div>\n\t\t<\/section>\n\t\t\t\t\t<\/div>\n\t\t<\/div>\n\t\t\t\t\t<\/div>\n\t\t<\/section>\n\t\t\t\t<section class=\"elementor-section elementor-top-section elementor-element elementor-element-7dae66a elementor-section-boxed elementor-section-height-default elementor-section-height-default\" data-id=\"7dae66a\" data-element_type=\"section\" data-e-type=\"section\">\n\t\t\t\t\t\t<div class=\"elementor-container elementor-column-gap-default\">\n\t\t\t\t\t<div class=\"elementor-column elementor-col-100 elementor-top-column elementor-element elementor-element-35b21f3\" data-id=\"35b21f3\" data-element_type=\"column\" data-e-type=\"column\">\n\t\t\t<div class=\"elementor-widget-wrap elementor-element-populated\">\n\t\t\t\t\t\t<div class=\"elementor-element elementor-element-112cdaf elementor-widget elementor-widget-spacer\" data-id=\"112cdaf\" data-element_type=\"widget\" data-e-type=\"widget\" data-widget_type=\"spacer.default\">\n\t\t\t\t<div class=\"elementor-widget-container\">\n\t\t\t\t\t\t\t<div class=\"elementor-spacer\">\n\t\t\t<div class=\"elementor-spacer-inner\"><\/div>\n\t\t<\/div>\n\t\t\t\t\t\t<\/div>\n\t\t\t\t<\/div>\n\t\t\t\t\t<\/div>\n\t\t<\/div>\n\t\t\t\t\t<\/div>\n\t\t<\/section>\n\t\t\t\t<\/div>\n\t\t","protected":false},"excerpt":{"rendered":"<p>Keyvan \u0130n\u015faat 1950\u2019li y\u0131llardan \u00f6ncesine dayanan i\u015f tecr\u00fcbesini, 1994 y\u0131l\u0131nda Keyvan \u0130n\u015faat San. ve Tic. A. \u015e. \u00e7at\u0131s\u0131 alt\u0131nda daha kaliteli ve g\u00f6rkemli projelere imza atabilmek i\u00e7in toplam\u0131\u015ft\u0131r. \u00a0 Ayn\u0131 zamanda T\u0130MSE (T\u00fcrkiye \u0130n\u015faat M\u00fcteahhitleri \u0130\u015fveren Sendikas\u0131) \u00fcyesi olan firmam\u0131z\u0131n teknik kadrosunun \u00e7at\u0131s\u0131n\u0131, her biri mesleklerinde deneyimli, uzmanla\u015fm\u0131\u015f mimar, m\u00fchendis ve teknikerler olu\u015fturmaktad\u0131r. \u0130\u015flerin yap\u0131m\u0131nda&hellip;<\/p>\n","protected":false},"author":1,"featured_media":0,"parent":0,"menu_order":0,"comment_status":"closed","ping_status":"closed","template":"","meta":[],"class_list":["post-21","page","type-page","status-publish","hentry","description-off"],"_links":{"self":[{"href":"https:\/\/keyvan.com.tr\/index.php?rest_route=\/wp\/v2\/pages\/21","targetHints":{"allow":["GET"]}}],"collection":[{"href":"https:\/\/keyvan.com.tr\/index.php?rest_route=\/wp\/v2\/pages"}],"about":[{"href":"https:\/\/keyvan.com.tr\/index.php?rest_route=\/wp\/v2\/types\/page"}],"author":[{"embeddable":true,"href":"https:\/\/keyvan.com.tr\/index.php?rest_route=\/wp\/v2\/users\/1"}],"replies":[{"embeddable":true,"href":"https:\/\/keyvan.com.tr\/index.php?rest_route=%2Fwp%2Fv2%2Fcomments&post=21"}],"version-history":[{"count":5,"href":"https:\/\/keyvan.com.tr\/index.php?rest_route=\/wp\/v2\/pages\/21\/revisions"}],"predecessor-version":[{"id":222,"href":"https:\/\/keyvan.com.tr\/index.php?rest_route=\/wp\/v2\/pages\/21\/revisions\/222"}],"wp:attachment":[{"href":"https:\/\/keyvan.com.tr\/index.php?rest_route=%2Fwp%2Fv2%2Fmedia&parent=21"}],"curies":[{"name":"wp","href":"https:\/\/api.w.org\/{rel}","templated":true}]}}